{"id":855,"date":"2022-06-29T16:18:44","date_gmt":"2022-06-29T16:18:44","guid":{"rendered":"https:\/\/profmat2022.ese.ips.pt\/?page_id=855"},"modified":"2022-06-29T16:19:23","modified_gmt":"2022-06-29T16:19:23","slug":"refeicoes","status":"publish","type":"page","link":"https:\/\/profmat2022.ese.ips.pt\/?page_id=855","title":{"rendered":"Refei\u00e7\u00f5es"},"content":{"rendered":"\n<p class=\"has-blue-color has-text-color has-medium-font-size\"><strong>Informa\u00e7\u00f5es sobre os almo\u00e7os durante ProfMat e SIEM<\/strong><\/p>\n\n\n\n<p>Os almo\u00e7os realizam-se no refeit\u00f3rio do Instituto Polit\u00e9cnico de Set\u00fabal &#8211; Escola Superior de Tecnologia (ESTSet\u00fabal\/IPS), situado no Campus do IPS, e cada um tem um valor de 6.50\u20ac.<br>De modo a agilizar o servi\u00e7o, recomenda-se, fortemente, que os participantes comprem as senhas de almo\u00e7o com anteced\u00eancia.<\/p>\n\n\n\n<p>No dia 7 de julho poder\u00e3o faz\u00ea-lo, durante o intervalo das 11 horas, no local destinado ao coffee break da Escola Superior de Ci\u00eancias Empresariais (ESCE\/IPS) onde haver\u00e1 uma funcion\u00e1ria a vender senhas, tanto para o almo\u00e7o desse dia como para os dos dias seguintes. As senhas poder\u00e3o, ainda, ser adquiridas no bar da Escola Superior de Educa\u00e7\u00e3o (ESE\/IPS) ou no refeit\u00f3rio do ESTSet\u00fabal\/IPS.<\/p>\n\n\n\n<p><strong>Menu do almo\u00e7o de dia 7 de julho<\/strong><br>Lombo de Porco assado com batata \u00e0 padeiro<br>Bacalhau \u00e0 conde<br>Peixinhos da horta com arroz de tomate<\/p>\n\n\n\n<p><strong>Menu do almo\u00e7o de dia 8 de julho<\/strong><br>Bife de frango grelhado com cuscus e curgete grelhada<br>Filetes de pescada com a\u00e7orda de coentros<br>Folhadinhos de legumes com cogumelos<\/p>\n\n\n\n<p><strong>Menu do almo\u00e7o de dia 9 de julho<\/strong><br>Vitela estufada com arroz e trilogia de legumes<br>Peixe espada grelhado com batata a murro<br>Caril de legumes com leite de c\u00f4co<\/p>\n\n\n\n<p><strong>Bebidas<\/strong><br>\u00c1gua aromatizada de lim\u00e3o com hortel\u00e3 e canela<br>Refrigerantes (bebidas em lata ou n\u00e9ctar)<br>\u00c1gua engarrafada de 0.33 cl<br>Caf\u00e9<\/p>\n\n\n\n<p><strong>Sobremesas<\/strong><br>Frutas laminadas (Morangos, mel\u00e3o, abacaxi, laranja, kiwi, manga, papaia).<br>Tarte de Am\u00eandoas, salame de chocolate, molotof com doce de ovo, crepes de ma\u00e7\u00e3 e canela, pudim de ovos e far\u00f3fias.<\/p>\n\n\n\n<p>O servi\u00e7o inclui espa\u00e7o reservado e linha exclusiva para as refei\u00e7\u00f5es dos participantes do ProfMat e do SIEM.<\/p>\n","protected":false},"excerpt":{"rendered":"<p>Informa\u00e7\u00f5es sobre os almo\u00e7os durante ProfMat e SIEM Os almo\u00e7os realizam-se no refeit\u00f3rio do Instituto Polit\u00e9cnico de Set\u00fabal &#8211; Escola Superior de Tecnologia (ESTSet\u00fabal\/IPS), situado no Campus do IPS, e cada um tem um valor de 6.50\u20ac.De modo a agilizar &hellip; <a href=\"https:\/\/profmat2022.ese.ips.pt\/?page_id=855\">Continuar a ler <span class=\"meta-nav\">&rarr;<\/span><\/a><\/p>\n","protected":false},"author":3,"featured_media":0,"parent":0,"menu_order":0,"comment_status":"closed","ping_status":"closed","template":"","meta":{"footnotes":""},"class_list":["post-855","page","type-page","status-publish","hentry"],"_links":{"self":[{"href":"https:\/\/profmat2022.ese.ips.pt\/index.php?rest_route=\/wp\/v2\/pages\/855","targetHints":{"allow":["GET"]}}],"collection":[{"href":"https:\/\/profmat2022.ese.ips.pt\/index.php?rest_route=\/wp\/v2\/pages"}],"about":[{"href":"https:\/\/profmat2022.ese.ips.pt\/index.php?rest_route=\/wp\/v2\/types\/page"}],"author":[{"embeddable":true,"href":"https:\/\/profmat2022.ese.ips.pt\/index.php?rest_route=\/wp\/v2\/users\/3"}],"replies":[{"embeddable":true,"href":"https:\/\/profmat2022.ese.ips.pt\/index.php?rest_route=%2Fwp%2Fv2%2Fcomments&post=855"}],"version-history":[{"count":2,"href":"https:\/\/profmat2022.ese.ips.pt\/index.php?rest_route=\/wp\/v2\/pages\/855\/revisions"}],"predecessor-version":[{"id":857,"href":"https:\/\/profmat2022.ese.ips.pt\/index.php?rest_route=\/wp\/v2\/pages\/855\/revisions\/857"}],"wp:attachment":[{"href":"https:\/\/profmat2022.ese.ips.pt\/index.php?rest_route=%2Fwp%2Fv2%2Fmedia&parent=855"}],"curies":[{"name":"wp","href":"https:\/\/api.w.org\/{rel}","templated":true}]}}